{"id":21721,"date":"2026-03-12T10:59:49","date_gmt":"2026-03-12T09:59:49","guid":{"rendered":"https:\/\/sklep.autodrompomorze.pl\/?post_type=product&#038;p=21721"},"modified":"2026-04-24T08:38:19","modified_gmt":"2026-04-24T06:38:19","slug":"beebrave-1-pojazd-klienta","status":"publish","type":"product","link":"https:\/\/sklep.autodrompomorze.pl\/index.php\/produkt\/beebrave-1-pojazd-klienta\/","title":{"rendered":"BeeBrave 1 &#8211; w\u0142asny pojazd"},"content":{"rendered":"<p><strong>BeeBrave 1<\/strong> to nasza nowo\u015b\u0107 w\u015br\u00f3d szkole\u0144. Jest to odmiana indywidualnego szkolenia z doskonalenia techniki jazdy (dla kierowc\u00f3w), w trakcie kt\u00f3rego nab\u0119dziesz pewno\u015bci w obszarach, w kt\u00f3rych czujesz obaw\u0119 w codziennych sytuacjach drogowych. Szkolenie to mo\u017cesz odby\u0107 wy\u0142\u0105cznie w kat. B.<\/p>\n<p><img loading=\"lazy\" decoding=\"async\" class=\"alignnone size-large wp-image-21869\" src=\"https:\/\/sklep.autodrompomorze.pl\/wp-content\/uploads\/2026\/03\/DSC_0401-1-1024x683.jpg\" alt=\"\" width=\"640\" height=\"427\" srcset=\"https:\/\/sklep.autodrompomorze.pl\/wp-content\/uploads\/2026\/03\/DSC_0401-1-1024x683.jpg 1024w, https:\/\/sklep.autodrompomorze.pl\/wp-content\/uploads\/2026\/03\/DSC_0401-1-300x200.jpg 300w, https:\/\/sklep.autodrompomorze.pl\/wp-content\/uploads\/2026\/03\/DSC_0401-1-768x512.jpg 768w, https:\/\/sklep.autodrompomorze.pl\/wp-content\/uploads\/2026\/03\/DSC_0401-1-1536x1024.jpg 1536w, https:\/\/sklep.autodrompomorze.pl\/wp-content\/uploads\/2026\/03\/DSC_0401-1-2048x1365.jpg 2048w, https:\/\/sklep.autodrompomorze.pl\/wp-content\/uploads\/2026\/03\/DSC_0401-1-400x267.jpg 400w\" sizes=\"auto, (max-width: 640px) 100vw, 640px\" \/><\/p>\n<p><span style=\"color: #ff0000;\"><strong>Dla kogo jest to szkolenie?<\/strong><\/span><\/p>\n<p>Szkolenie jest dla os\u00f3b, kt\u00f3re posiadaj\u0105 uprawnienia kierowcy kat. B, jednak:<\/p>\n<ul>\n<li>dotychczas je\u017adzi\u0142y niewiele lub na niewielkich dystansach<\/li>\n<li>dopiero zdoby\u0142y uprawnienia i jeszcze czuj\u0105 si\u0119 niepewnie<\/li>\n<li>mia\u0142y d\u0142ug\u0105 przerw\u0119 w prowadzeniu auta i potrzebuj\u0105 w bezpiecznych i kontrolowanych warunkach po\u0107wiczy\u0107, by wr\u00f3ci\u0107 za \u201ek\u00f3\u0142ko\u201d<\/li>\n<\/ul>\n<p><span style=\"color: #ff0000;\"><strong>Co jest celem szkolenia?<\/strong><\/span><\/p>\n<p>Podczas szkolenia BeeBrave poprzez \u0107wiczenia praktyczne pomo\u017cemy Ci pokona\u0107 l\u0119k przed usamodzielnieniem si\u0119 na drodze w charakterze kierowcy lub powrotem na tras\u0119 po d\u0142u\u017cszej przerwie.<br \/>\nW trakcie szkolenia:<\/p>\n<ul>\n<li>dowiesz si\u0119, jak Twoja pozycja za kierownic\u0105 wp\u0142ywa na komfort i bezpiecze\u0144stwo jazdy,<\/li>\n<li>b\u0119dziesz m\u00f3g\u0142 prze\u0107wiczy\u0107 standardowe manewry zwi\u0105zane z poruszaniem si\u0119 na drogach i parkingach<\/li>\n<li>sprawdzisz nabyte umiej\u0119tno\u015bci w ruchu drogowym pod okiem fachowc\u00f3w<\/li>\n<\/ul>\n<p><span style=\"color: #ff0000;\"><strong>W jaki spos\u00f3b szkolimy?<\/strong><\/span><\/p>\n<p>BeeBrave 1 to szkolenie praktyczne. Odbywa si\u0119 w formule 1:1, czyli jedna osoba szkolona \u0107wiczy w samochodzie pod okiem do\u015bwiadczonego instruktora techniki jazdy (w poje\u017adzie mo\u017ce znajdowa\u0107 si\u0119 tylko osoba szkolona oraz instruktor). Szkolenie jest dwustopniowe: BeeBrave 1 odbywa si\u0119 w naszym O\u015brodku na placu manewrowym, parkingu, wzniesieniach. Po uzyskaniu pisemnej rekomendacji naszego Instruktora b\u0119dziesz m\u00f3g\u0142 wzi\u0105\u0107 udzia\u0142 w szkoleniu BeeBrave 2 odbywaj\u0105cym si\u0119 w ruchu drogowym (wybieramy trasy mniej ucz\u0119szczane).<\/p>\n<p><img loading=\"lazy\" decoding=\"async\" class=\"alignnone size-large wp-image-21870\" src=\"https:\/\/sklep.autodrompomorze.pl\/wp-content\/uploads\/2026\/03\/DSC_0278-1024x683.jpg\" alt=\"\" width=\"640\" height=\"427\" srcset=\"https:\/\/sklep.autodrompomorze.pl\/wp-content\/uploads\/2026\/03\/DSC_0278-1024x683.jpg 1024w, https:\/\/sklep.autodrompomorze.pl\/wp-content\/uploads\/2026\/03\/DSC_0278-300x200.jpg 300w, https:\/\/sklep.autodrompomorze.pl\/wp-content\/uploads\/2026\/03\/DSC_0278-768x512.jpg 768w, https:\/\/sklep.autodrompomorze.pl\/wp-content\/uploads\/2026\/03\/DSC_0278-1536x1024.jpg 1536w, https:\/\/sklep.autodrompomorze.pl\/wp-content\/uploads\/2026\/03\/DSC_0278-2048x1365.jpg 2048w, https:\/\/sklep.autodrompomorze.pl\/wp-content\/uploads\/2026\/03\/DSC_0278-400x267.jpg 400w\" sizes=\"auto, (max-width: 640px) 100vw, 640px\" \/><\/p>\n<p><span style=\"color: #ff0000;\"><strong>Program szkolenia \u2013 przyk\u0142adowe zadania<\/strong><\/span><\/p>\n<p>Ze wzgl\u0119du na bardzo indywidualny charakter szkolenia zadania dobierane s\u0105 bezpo\u015brednio do umiej\u0119tno\u015bci osoby w nim uczestnicz\u0105cej. Przyk\u0142adowe zadania, kt\u00f3rych mo\u017cecie spodziewa\u0107 si\u0119 podczas Bee Brave:<\/p>\n<ul>\n<li>zaj\u0119cie prawid\u0142owej pozycji za kierownic\u0105,<\/li>\n<li>prawid\u0142owe operowanie ko\u0142em kierownicy,<\/li>\n<li>slalom wolny do przodu i do ty\u0142u,<\/li>\n<li>ruszanie na wzniesieniu,<\/li>\n<li>zawracanie w ciasnej przestrzeni,<\/li>\n<li>manewrowanie \/parkowanie \/ wyczucie gabaryt\u00f3w pojazdu<\/li>\n<li>jazda po wyznaczonym torze z limitem pr\u0119dko\u015bci,<\/li>\n<li>kontrola p\u0142ynno\u015bci jazdy,<\/li>\n<li>hamowanie w wyznaczonym miejscu,<\/li>\n<\/ul>\n<p><span style=\"color: #ff0000;\"><strong>Jakim pojazdem odbywa si\u0119 szkolenie?<\/strong><\/span><\/p>\n<ul>\n<li>ta oferta dotyczy szkolenia pojazdem Klienta,<\/li>\n<li><span style=\"color: #ff0000;\"><a style=\"color: #ff0000;\" href=\"https:\/\/sklep.autodrompomorze.pl\/index.php\/produkt\/beebrave-1-pojazd-odtj\/\">szkolenie pojazdem zapewnionym przez ODTJ Autodrom Pomorze (Toyota Yaris z manualn\u0105 skrzyni\u0105 bieg\u00f3w) zakupisz tu<\/a><\/span><\/li>\n<\/ul>\n<p>Zalet\u0105 odbycia szkolenia samochodem Klienta jest to, \u017ce poznaje charakterystyk\u0119 (np. gabaryty) w\u0142asnego pojazdu, kt\u00f3rym porusza si\u0119 na co dzie\u0144. Z kolei pojazdy ODTJ posiadaj\u0105 dodatkowe peda\u0142y hamulca i sprz\u0119g\u0142a dla instruktora, co dla niekt\u00f3rych os\u00f3b mo\u017ce by\u0107 kluczowym elementem daj\u0105cym poczucie bezpiecze\u0144stwa.<\/p>\n<p><span style=\"color: #ff0000;\"><strong>Jak d\u0142ugo trwa szkolenie?<\/strong><\/span><\/p>\n<p>Podstawow\u0105 jednostk\u0105 czasu szkolenia BeeBrave jest godzina (60 minut). To od Ciebie (Twoich umiej\u0119tno\u015bci, potrzeb, otwarto\u015bci na proces nauki, a nawet dyspozycji dnia) zale\u017cy, ile godzin b\u0119dzie Ci potrzebne, by poczu\u0107 si\u0119 pewnie na drodze. Jedna zasada jest istotna \u2013 szkolenie BeeBrave 2 odb\u0119dziesz dopiero po uko\u0144czeniu przynajmniej 1 godziny szkolenia\u00a0 BeeBrave 1 i uzyskaniu pisemnej rekomendacji instruktora.<\/p>\n<p><span style=\"color: #ff0000;\"><strong>Korzy\u015bci<\/strong><\/span><\/p>\n<p>Co zyskujesz, zapisuj\u0105c si\u0119 na szkolenie?<\/p>\n<ul>\n<li>mo\u017cliwo\u015b\u0107 szlifowania dopiero co nabytych umiej\u0119tno\u015bci lub od\u015bwie\u017cenia dawno nieu\u017cywanych kompetencji<\/li>\n<li>nowe umiej\u0119tno\u015bci zdobyte w miejscu specjalizuj\u0105cym si\u0119 w tematyce doskonalenia techniki jazdy,<\/li>\n<li>warto\u015bciowe wskaz\u00f3wki od instruktor\u00f3w z praktycznym do\u015bwiadczeniem,<\/li>\n<li>popraw\u0119 pewno\u015bci siebie na drodze i poczucia przyjemno\u015bci z jazdy autem,<\/li>\n<li>UWAGA! PO ODBYCIU CYKLU SZKOLE\u0143 BEEBRAVE, ZG\u0141O\u015a SI\u0118 DO NAS PO 25% ZNI\u017bK\u0118 NA <span style=\"color: #ff0000;\"><a style=\"color: #ff0000;\" href=\"https:\/\/autodrompomorze.pl\/pl\/szkolenia\/doskonalenie-techniki-jazdy\/\">BEESAFE!<\/a>\u00a0<\/span> Szczeg\u00f3\u0142y pod nr telefonu: 514-059-522.<\/li>\n<\/ul>\n<p><span style=\"color: #ff0000;\"><strong>Za\u015bwiadczenie<\/strong><\/span><\/p>\n<p>Po uko\u0144czeniu szkolenia otrzymasz od nas za\u015bwiadczenie potwierdzaj\u0105ce Twoje nowo zdobyte umiej\u0119tno\u015bci. Mo\u017cesz si\u0119 potem nim pochwali\u0107 i by\u0107 z siebie dumnym.<\/p>\n<p><span style=\"color: #ff0000;\"><strong>Cena (za 1 godzin\u0119)<\/strong><\/span><\/p>\n<p>330 z\u0142 \u2013 szkolenie autem Klienta (kat. B)\/1 h (przy zakupie min. 2 godzin, rabat 100 z\u0142 z kodem <strong>2xBrave<\/strong>).<\/p>\n<p><span style=\"color: #ff0000;\"><b><strong>Jak d\u0142ugo wa\u017cny jest voucher?<\/strong><\/b><\/span><\/p>\n<p>Voucher wa\u017cny jest 6 miesi\u0119cy.<\/p>\n<p><img loading=\"lazy\" decoding=\"async\" class=\"alignnone size-large wp-image-21871\" src=\"https:\/\/sklep.autodrompomorze.pl\/wp-content\/uploads\/2026\/03\/DSC_0773-1024x683.jpg\" alt=\"\" width=\"640\" height=\"427\" srcset=\"https:\/\/sklep.autodrompomorze.pl\/wp-content\/uploads\/2026\/03\/DSC_0773-1024x683.jpg 1024w, https:\/\/sklep.autodrompomorze.pl\/wp-content\/uploads\/2026\/03\/DSC_0773-300x200.jpg 300w, https:\/\/sklep.autodrompomorze.pl\/wp-content\/uploads\/2026\/03\/DSC_0773-768x512.jpg 768w, https:\/\/sklep.autodrompomorze.pl\/wp-content\/uploads\/2026\/03\/DSC_0773-1536x1024.jpg 1536w, https:\/\/sklep.autodrompomorze.pl\/wp-content\/uploads\/2026\/03\/DSC_0773-2048x1365.jpg 2048w, https:\/\/sklep.autodrompomorze.pl\/wp-content\/uploads\/2026\/03\/DSC_0773-400x267.jpg 400w\" sizes=\"auto, (max-width: 640px) 100vw, 640px\" \/><\/p>\n<p><strong>Zobacz r\u00f3wnie\u017c:<\/strong><\/p>\n<ul>\n<li><span style=\"color: #ff0000;\"><a style=\"color: #ff0000;\" href=\"https:\/\/sklep.autodrompomorze.pl\/index.php\/produkt\/beebrave-1-pojazd-odtj\/\"> BeeBrave 1 -pojazd ODTJ<\/a><\/span><\/li>\n<li><span style=\"color: #ff0000;\"><a style=\"color: #ff0000;\" href=\"https:\/\/sklep.autodrompomorze.pl\/index.php\/produkt\/beebrave-2-pojazd-klienta\/\">BeeBrave 2 -pojazd Klienta<\/a><\/span><\/li>\n<\/ul>\n<p>&nbsp;<\/p>\n<p>&nbsp;<\/p>\n<p>&nbsp;<\/p>\n<p>&nbsp;<\/p>\n","protected":false},"excerpt":{"rendered":"<p>Pssst\u2026 kupuj\u0105c 2 vouchery na us\u0142ug\u0119 BeeBrave1, BeeBrave2 lub mix BeeBrave1 i 2, zastosuj kupon <strong>2xBrave<\/strong> \u2013 b\u0119dzie taniej!<\/p>\n<p>&nbsp;<\/p>\n<p>Cykl<strong> BeeBrave <\/strong>\u00a0to nasza nowo\u015b\u0107 w\u015br\u00f3d szkole\u0144. Jest to odmiana indywidualnego szkolenia z doskonalenia techniki jazdy (dla kierowc\u00f3w), w trakcie kt\u00f3rego nab\u0119dziesz pewno\u015bci w obszarach, w kt\u00f3rych czujesz obaw\u0119 w codziennych sytuacjach drogowych. Szkolenie to mo\u017cesz odby\u0107 wy\u0142\u0105cznie w kat. B.<\/p>\n<p>&nbsp;<\/p>\n","protected":false},"featured_media":21859,"comment_status":"open","ping_status":"closed","template":"","meta":[],"product_brand":[],"product_cat":[22],"product_tag":[],"class_list":{"0":"post-21721","1":"product","2":"type-product","3":"status-publish","6":"product_cat-samochody-osobowe","8":"first","9":"instock","10":"downloadable","11":"shipping-taxable","12":"purchasable","13":"product-type-simple"},"yoast_head":"<!-- This site is optimized with the Yoast SEO plugin v27.0 - https:\/\/yoast.com\/product\/yoast-seo-wordpress\/ -->\n<title>BeeBrave 1 - w\u0142asny pojazd - Sklep Autodrom Pomorze<\/title>\n<meta name=\"description\" content=\"Doskonalenie Techniki Jazdy (nazywane przez Was szkoleniem z po\u015blizg\u00f3w) to nasz bestseller! Podczas szkolenia nauczysz si\u0119, jak poradzi\u0107 sobie w nag\u0142ych i nieoczywistych sytuacjach na drodze. To r\u00f3wnie\u017c doskona\u0142a okazja do sprawdzenia si\u0119 w trudnych warunkach np. podczas po\u015blizgu.\" \/>\n<meta name=\"robots\" content=\"index, follow, max-snippet:-1, max-image-preview:large, max-video-preview:-1\" \/>\n<link rel=\"canonical\" href=\"https:\/\/sklep.autodrompomorze.pl\/index.php\/produkt\/beebrave-1-pojazd-klienta\/\" \/>\n<meta property=\"og:locale\" content=\"pl_PL\" \/>\n<meta property=\"og:type\" content=\"article\" \/>\n<meta property=\"og:title\" content=\"BeeBrave 1 - w\u0142asny pojazd - Sklep Autodrom Pomorze\" \/>\n<meta property=\"og:description\" content=\"Doskonalenie Techniki Jazdy (nazywane przez Was szkoleniem z po\u015blizg\u00f3w) to nasz bestseller! Podczas szkolenia nauczysz si\u0119, jak poradzi\u0107 sobie w nag\u0142ych i nieoczywistych sytuacjach na drodze. To r\u00f3wnie\u017c doskona\u0142a okazja do sprawdzenia si\u0119 w trudnych warunkach np. podczas po\u015blizgu.\" \/>\n<meta property=\"og:url\" content=\"https:\/\/sklep.autodrompomorze.pl\/index.php\/produkt\/beebrave-1-pojazd-klienta\/\" \/>\n<meta property=\"og:site_name\" content=\"Sklep Autodrom Pomorze\" \/>\n<meta property=\"article:modified_time\" content=\"2026-04-24T06:38:19+00:00\" \/>\n<meta property=\"og:image\" content=\"https:\/\/sklep.autodrompomorze.pl\/wp-content\/uploads\/2026\/03\/zdj-produktu-1-1024x683.png\" \/>\n\t<meta property=\"og:image:width\" content=\"1024\" \/>\n\t<meta property=\"og:image:height\" content=\"683\" \/>\n\t<meta property=\"og:image:type\" content=\"image\/png\" \/>\n<meta name=\"twitter:card\" content=\"summary_large_image\" \/>\n<meta name=\"twitter:label1\" content=\"Szacowany czas czytania\" \/>\n\t<meta name=\"twitter:data1\" content=\"5 minut\" \/>\n<script type=\"application\/ld+json\" class=\"yoast-schema-graph\">{\"@context\":\"https:\/\/schema.org\",\"@graph\":[{\"@type\":\"WebPage\",\"@id\":\"https:\/\/sklep.autodrompomorze.pl\/index.php\/produkt\/beebrave-1-pojazd-klienta\/\",\"url\":\"https:\/\/sklep.autodrompomorze.pl\/index.php\/produkt\/beebrave-1-pojazd-klienta\/\",\"name\":\"BeeBrave 1 - w\u0142asny pojazd - Sklep Autodrom Pomorze\",\"isPartOf\":{\"@id\":\"https:\/\/sklep.autodrompomorze.pl\/#website\"},\"primaryImageOfPage\":{\"@id\":\"https:\/\/sklep.autodrompomorze.pl\/index.php\/produkt\/beebrave-1-pojazd-klienta\/#primaryimage\"},\"image\":{\"@id\":\"https:\/\/sklep.autodrompomorze.pl\/index.php\/produkt\/beebrave-1-pojazd-klienta\/#primaryimage\"},\"thumbnailUrl\":\"https:\/\/sklep.autodrompomorze.pl\/wp-content\/uploads\/2026\/03\/zdj-produktu-1.png\",\"datePublished\":\"2026-03-12T09:59:49+00:00\",\"dateModified\":\"2026-04-24T06:38:19+00:00\",\"description\":\"Doskonalenie Techniki Jazdy (nazywane przez Was szkoleniem z po\u015blizg\u00f3w) to nasz bestseller! Podczas szkolenia nauczysz si\u0119, jak poradzi\u0107 sobie w nag\u0142ych i nieoczywistych sytuacjach na drodze. To r\u00f3wnie\u017c doskona\u0142a okazja do sprawdzenia si\u0119 w trudnych warunkach np. podczas po\u015blizgu.\",\"breadcrumb\":{\"@id\":\"https:\/\/sklep.autodrompomorze.pl\/index.php\/produkt\/beebrave-1-pojazd-klienta\/#breadcrumb\"},\"inLanguage\":\"pl-PL\",\"potentialAction\":[{\"@type\":\"ReadAction\",\"target\":[\"https:\/\/sklep.autodrompomorze.pl\/index.php\/produkt\/beebrave-1-pojazd-klienta\/\"]}]},{\"@type\":\"ImageObject\",\"inLanguage\":\"pl-PL\",\"@id\":\"https:\/\/sklep.autodrompomorze.pl\/index.php\/produkt\/beebrave-1-pojazd-klienta\/#primaryimage\",\"url\":\"https:\/\/sklep.autodrompomorze.pl\/wp-content\/uploads\/2026\/03\/zdj-produktu-1.png\",\"contentUrl\":\"https:\/\/sklep.autodrompomorze.pl\/wp-content\/uploads\/2026\/03\/zdj-produktu-1.png\",\"width\":2048,\"height\":1365},{\"@type\":\"BreadcrumbList\",\"@id\":\"https:\/\/sklep.autodrompomorze.pl\/index.php\/produkt\/beebrave-1-pojazd-klienta\/#breadcrumb\",\"itemListElement\":[{\"@type\":\"ListItem\",\"position\":1,\"name\":\"Strona g\u0142\u00f3wna\",\"item\":\"https:\/\/sklep.autodrompomorze.pl\/\"},{\"@type\":\"ListItem\",\"position\":2,\"name\":\"Home\",\"item\":\"https:\/\/sklep.autodrompomorze.pl\/\"},{\"@type\":\"ListItem\",\"position\":3,\"name\":\"BeeBrave 1 &#8211; w\u0142asny pojazd\"}]},{\"@type\":\"WebSite\",\"@id\":\"https:\/\/sklep.autodrompomorze.pl\/#website\",\"url\":\"https:\/\/sklep.autodrompomorze.pl\/\",\"name\":\"Sklep Autodrom Pomorze\",\"description\":\"Kup voucher na szkolenie w O\u015brodku Doskonalenia Techniki Jazdy w Pszcz\u00f3\u0142kach\",\"publisher\":{\"@id\":\"https:\/\/sklep.autodrompomorze.pl\/#organization\"},\"potentialAction\":[{\"@type\":\"SearchAction\",\"target\":{\"@type\":\"EntryPoint\",\"urlTemplate\":\"https:\/\/sklep.autodrompomorze.pl\/?s={search_term_string}\"},\"query-input\":{\"@type\":\"PropertyValueSpecification\",\"valueRequired\":true,\"valueName\":\"search_term_string\"}}],\"inLanguage\":\"pl-PL\"},{\"@type\":\"Organization\",\"@id\":\"https:\/\/sklep.autodrompomorze.pl\/#organization\",\"name\":\"Sklep Autodrom Pomorze\",\"url\":\"https:\/\/sklep.autodrompomorze.pl\/\",\"logo\":{\"@type\":\"ImageObject\",\"inLanguage\":\"pl-PL\",\"@id\":\"https:\/\/sklep.autodrompomorze.pl\/#\/schema\/logo\/image\/\",\"url\":\"https:\/\/sklep.autodrompomorze.pl\/wp-content\/uploads\/2020\/07\/znak_1.jpg\",\"contentUrl\":\"https:\/\/sklep.autodrompomorze.pl\/wp-content\/uploads\/2020\/07\/znak_1.jpg\",\"width\":596,\"height\":363,\"caption\":\"Sklep Autodrom Pomorze\"},\"image\":{\"@id\":\"https:\/\/sklep.autodrompomorze.pl\/#\/schema\/logo\/image\/\"}}]}<\/script>\n<!-- \/ Yoast SEO plugin. -->","yoast_head_json":{"title":"BeeBrave 1 - w\u0142asny pojazd - Sklep Autodrom Pomorze","description":"Doskonalenie Techniki Jazdy (nazywane przez Was szkoleniem z po\u015blizg\u00f3w) to nasz bestseller! Podczas szkolenia nauczysz si\u0119, jak poradzi\u0107 sobie w nag\u0142ych i nieoczywistych sytuacjach na drodze. To r\u00f3wnie\u017c doskona\u0142a okazja do sprawdzenia si\u0119 w trudnych warunkach np. podczas po\u015blizgu.","robots":{"index":"index","follow":"follow","max-snippet":"max-snippet:-1","max-image-preview":"max-image-preview:large","max-video-preview":"max-video-preview:-1"},"canonical":"https:\/\/sklep.autodrompomorze.pl\/index.php\/produkt\/beebrave-1-pojazd-klienta\/","og_locale":"pl_PL","og_type":"article","og_title":"BeeBrave 1 - w\u0142asny pojazd - Sklep Autodrom Pomorze","og_description":"Doskonalenie Techniki Jazdy (nazywane przez Was szkoleniem z po\u015blizg\u00f3w) to nasz bestseller! Podczas szkolenia nauczysz si\u0119, jak poradzi\u0107 sobie w nag\u0142ych i nieoczywistych sytuacjach na drodze. To r\u00f3wnie\u017c doskona\u0142a okazja do sprawdzenia si\u0119 w trudnych warunkach np. podczas po\u015blizgu.","og_url":"https:\/\/sklep.autodrompomorze.pl\/index.php\/produkt\/beebrave-1-pojazd-klienta\/","og_site_name":"Sklep Autodrom Pomorze","article_modified_time":"2026-04-24T06:38:19+00:00","og_image":[{"width":1024,"height":683,"url":"https:\/\/sklep.autodrompomorze.pl\/wp-content\/uploads\/2026\/03\/zdj-produktu-1-1024x683.png","type":"image\/png"}],"twitter_card":"summary_large_image","twitter_misc":{"Szacowany czas czytania":"5 minut"},"schema":{"@context":"https:\/\/schema.org","@graph":[{"@type":"WebPage","@id":"https:\/\/sklep.autodrompomorze.pl\/index.php\/produkt\/beebrave-1-pojazd-klienta\/","url":"https:\/\/sklep.autodrompomorze.pl\/index.php\/produkt\/beebrave-1-pojazd-klienta\/","name":"BeeBrave 1 - w\u0142asny pojazd - Sklep Autodrom Pomorze","isPartOf":{"@id":"https:\/\/sklep.autodrompomorze.pl\/#website"},"primaryImageOfPage":{"@id":"https:\/\/sklep.autodrompomorze.pl\/index.php\/produkt\/beebrave-1-pojazd-klienta\/#primaryimage"},"image":{"@id":"https:\/\/sklep.autodrompomorze.pl\/index.php\/produkt\/beebrave-1-pojazd-klienta\/#primaryimage"},"thumbnailUrl":"https:\/\/sklep.autodrompomorze.pl\/wp-content\/uploads\/2026\/03\/zdj-produktu-1.png","datePublished":"2026-03-12T09:59:49+00:00","dateModified":"2026-04-24T06:38:19+00:00","description":"Doskonalenie Techniki Jazdy (nazywane przez Was szkoleniem z po\u015blizg\u00f3w) to nasz bestseller! Podczas szkolenia nauczysz si\u0119, jak poradzi\u0107 sobie w nag\u0142ych i nieoczywistych sytuacjach na drodze. To r\u00f3wnie\u017c doskona\u0142a okazja do sprawdzenia si\u0119 w trudnych warunkach np. podczas po\u015blizgu.","breadcrumb":{"@id":"https:\/\/sklep.autodrompomorze.pl\/index.php\/produkt\/beebrave-1-pojazd-klienta\/#breadcrumb"},"inLanguage":"pl-PL","potentialAction":[{"@type":"ReadAction","target":["https:\/\/sklep.autodrompomorze.pl\/index.php\/produkt\/beebrave-1-pojazd-klienta\/"]}]},{"@type":"ImageObject","inLanguage":"pl-PL","@id":"https:\/\/sklep.autodrompomorze.pl\/index.php\/produkt\/beebrave-1-pojazd-klienta\/#primaryimage","url":"https:\/\/sklep.autodrompomorze.pl\/wp-content\/uploads\/2026\/03\/zdj-produktu-1.png","contentUrl":"https:\/\/sklep.autodrompomorze.pl\/wp-content\/uploads\/2026\/03\/zdj-produktu-1.png","width":2048,"height":1365},{"@type":"BreadcrumbList","@id":"https:\/\/sklep.autodrompomorze.pl\/index.php\/produkt\/beebrave-1-pojazd-klienta\/#breadcrumb","itemListElement":[{"@type":"ListItem","position":1,"name":"Strona g\u0142\u00f3wna","item":"https:\/\/sklep.autodrompomorze.pl\/"},{"@type":"ListItem","position":2,"name":"Home","item":"https:\/\/sklep.autodrompomorze.pl\/"},{"@type":"ListItem","position":3,"name":"BeeBrave 1 &#8211; w\u0142asny pojazd"}]},{"@type":"WebSite","@id":"https:\/\/sklep.autodrompomorze.pl\/#website","url":"https:\/\/sklep.autodrompomorze.pl\/","name":"Sklep Autodrom Pomorze","description":"Kup voucher na szkolenie w O\u015brodku Doskonalenia Techniki Jazdy w Pszcz\u00f3\u0142kach","publisher":{"@id":"https:\/\/sklep.autodrompomorze.pl\/#organization"},"potentialAction":[{"@type":"SearchAction","target":{"@type":"EntryPoint","urlTemplate":"https:\/\/sklep.autodrompomorze.pl\/?s={search_term_string}"},"query-input":{"@type":"PropertyValueSpecification","valueRequired":true,"valueName":"search_term_string"}}],"inLanguage":"pl-PL"},{"@type":"Organization","@id":"https:\/\/sklep.autodrompomorze.pl\/#organization","name":"Sklep Autodrom Pomorze","url":"https:\/\/sklep.autodrompomorze.pl\/","logo":{"@type":"ImageObject","inLanguage":"pl-PL","@id":"https:\/\/sklep.autodrompomorze.pl\/#\/schema\/logo\/image\/","url":"https:\/\/sklep.autodrompomorze.pl\/wp-content\/uploads\/2020\/07\/znak_1.jpg","contentUrl":"https:\/\/sklep.autodrompomorze.pl\/wp-content\/uploads\/2020\/07\/znak_1.jpg","width":596,"height":363,"caption":"Sklep Autodrom Pomorze"},"image":{"@id":"https:\/\/sklep.autodrompomorze.pl\/#\/schema\/logo\/image\/"}}]}},"_links":{"self":[{"href":"https:\/\/sklep.autodrompomorze.pl\/index.php\/wp-json\/wp\/v2\/product\/21721","targetHints":{"allow":["GET"]}}],"collection":[{"href":"https:\/\/sklep.autodrompomorze.pl\/index.php\/wp-json\/wp\/v2\/product"}],"about":[{"href":"https:\/\/sklep.autodrompomorze.pl\/index.php\/wp-json\/wp\/v2\/types\/product"}],"replies":[{"embeddable":true,"href":"https:\/\/sklep.autodrompomorze.pl\/index.php\/wp-json\/wp\/v2\/comments?post=21721"}],"wp:featuredmedia":[{"embeddable":true,"href":"https:\/\/sklep.autodrompomorze.pl\/index.php\/wp-json\/wp\/v2\/media\/21859"}],"wp:attachment":[{"href":"https:\/\/sklep.autodrompomorze.pl\/index.php\/wp-json\/wp\/v2\/media?parent=21721"}],"wp:term":[{"taxonomy":"product_brand","embeddable":true,"href":"https:\/\/sklep.autodrompomorze.pl\/index.php\/wp-json\/wp\/v2\/product_brand?post=21721"},{"taxonomy":"product_cat","embeddable":true,"href":"https:\/\/sklep.autodrompomorze.pl\/index.php\/wp-json\/wp\/v2\/product_cat?post=21721"},{"taxonomy":"product_tag","embeddable":true,"href":"https:\/\/sklep.autodrompomorze.pl\/index.php\/wp-json\/wp\/v2\/product_tag?post=21721"}],"curies":[{"name":"wp","href":"https:\/\/api.w.org\/{rel}","templated":true}]}}